 of 1615?
6
What is the hundreds digit of 4687?
6
What is the tens digit of 1542?
4
What is the hundreds digit of 48667?
6
What is the units digit of 23964?
4
What is the tens digit of 61158?
5
What is the tens digit of 4810?
1
What is the hundreds digit of 3684?
6
What is the units digit of 1406?
6
What is the hundreds digit of 344?
3
What is the thousands digit of 1143?
1
What is the thousands digit of 3120?
3
What is the units digit of 1113?
3
What is the hundreds digit of 370?
3
What is the hundreds digit of 783?
7
What is the thousands digit of 3169?
3
What is the tens digit of 856?
5
What is the hundreds digit of 31226?
2
What is the thousands digit of 143641?
3
What is the units digit of 596?
6
What is the ten thousands digit of 31026?
3
What is the ten thousands digit of 10316?
1
What is the units digit of 21569?
9
What is the ten thousands digit of 38260?
3
What is the thousands digit of 19671?
9
What is the units digit of 2203?
3
What is the units digit of 399?
9
What is the hundreds digit of 10744?
7
What is the tens digit of 13746?
4
What is the thousands digit of 62846?
2
What is the hundreds digit of 187?
1
What is the units digit of 74742?
2
What is the units digit of 369?
9
What is the units digit of 11459?
9
What is the units digit of 541?
1
What is the units digit of 7090?
0
What is the thousands digit of 1247?
1
What is the hundreds digit of 22397?
3
What is the hundreds digit of 2173?
1
What is the units digit of 31738?
8
What is the hundreds digit of 1521?
5
What is the units digit of 11591?
1
What is the hundreds digit of 1955?
9
What is the ten thousands digit of 41682?
4
What is the hundreds digit of 25761?
7
What is the tens digit of 662?
6
What is the thousands digit of 59008?
9
What is the hundred thousands digit of 128403?
1
What is the units digit of 3830?
0
What is the units digit of 827?
7
What is the thousands digit of 28643?
8
What is the hundreds digit of 1344?
3
What is the hundreds digit of 42700?
7
What is the thousands digit of 64026?
4
What is the ten thousands digit of 11286?
1
What is the units digit of 42033?
3
What is the ten thousands digit of 38767?
3
What is the thousands digit of 63370?
3
What is the tens digit of 464?
6
What is the thousands digit of 1900?
1
What is the thousands digit of 4223?
4
What is the tens digit of 2100?
0
What is the tens digit of 25618?
1
What is the ten thousands digit of 42991?
4
What is the units digit of 29?
9
What is the hundreds digit of 3361?
3
What is the units digit of 8368?
8
What is the tens digit of 981?
8
What is the hundreds digit of 58079?
0
What is the units digit of 1388?
8
What is the hundreds digit of 8757?
7
What is the hundreds digit of 42746?
7
What is the thousands digit of 50439?
0
What is the thousands digit of 18073?
8
What is the units digit of 781?
1
What is the hundreds digit of 882?
8
What is the tens digit of 4365?
6
What is the thousands digit of 36599?
6
What is the tens digit of 256?
5
What is the units digit of 11743?
3
What is the units digit of 6362?
2
What is the hundreds digit of 3402?
4
What is the hundred thousands digit of 100702?
1
What is the ten thousands digit of 34363?
3
What is the tens digit of 1879?
7
What is the tens digit of 41417?
1
What is the tens digit of 11853?
5
What is the hundreds digit of 135455?
4
What is the thousands digit of 1177?
1
What is the thousands digit of 5470?
5
What is the tens digit of 9077?
7
What is the units digit of 748?
8
What is the tens digit of 2544?
4
What is the tens digit of 79322?
2
What is the hundreds digit of 59076?
0
What is the units digit of 79?
9
What is the units digit of 2844?
4
What is the tens digit of 1824?
2
What is the hundreds digit of 119?
1
What is the units digit of 2064?
4
What is the hundreds digit of 58416?
4
What is the units digit of 3705?
5
What is the units digit of 3297?
7
What is the tens digit of 744?
4
What is the tens digit of 1924?
2
What is the ten thousands digit of 64530?
6
What is the units digit of 680?
0
What is the hundreds digit of 283?
2
What is the tens digit of 899?
9
What is the units digit of 500?
0
What is the tens digit of 189647?
4
What is the tens digit of 340?
4
What is the thousands digit of 18248?
8
What is the units digit of 1095?
5
What is the thousands digit of 76450?
6
What is the units digit of 916?
6
What is the hundreds digit of 3263?
2
What is the units digit of 88501?
1
What is the tens digit of 335?
3
What is the tens digit of 50?
5
What is the thousands digit of 1852?
1
What is the units digit of 50062?
2
What is the tens digit of 1182?
8
What is the units digit of 810?
0
What is the units digit of 8983?
3
What is the hundreds digit of 2667?
6
What is the tens digit of 442?
4
What is the units digit of 3673?
3
What is the units digit of 1069?
9
What is the units digit of 198?
8
What is the hundreds digit of 835?
8
What is the tens digit of 5908?
0
What is the units digit of 652?
2
What is the thousands digit of 2314?
2
What is the hundreds digit of 5309?
3
What is the units digit of 2433?
3
What is the ten thousands digit of 55422?
5
What is the units digit of 4881?
1
What is the tens digit of 1973?
7
What is the ten thousands digit of 17037?
1
What is the tens digit of 35833?
3
What is the units digit of 1228?
8
What is the units digit of 1239?
9
What is the units digit of 26331?
1
What is the units digit of 2178?
8
What is the hundreds digit of 14314?
3
What is the hundreds digit of 704?
7
What is the units digit of 880?
0
What is the hundreds digit of 4124?
1
What is the units digit of 16448?
8
What is the hundreds digit of 114023?
0
What is the units digit of 83619?
9
What is the tens digit of 2860?
6
What is the hundreds digit of 842?
8
What is the ten thousands digit of 139242?
3
What is the tens digit of 683?
8
What is the hundreds digit of 8891?
8
What is the hundreds digit of 1009?
0
What is the tens digit of 4114?
1
What is the units digit of 3072?
2
What is the thousands digit of 1371?
1
What is the thousands digit of 40927?
0
What is the units digit of 26467?
7
What is the units digit of 5551?
1
What is the tens digit of 1259?
5
What is the thousands digit of 9781?
9
What is the thousands digit of 28701?
8
What is the tens digit of 2032?
3
What is the ten thousands digit of 24488?
2
What is the thousands digit of 3948?
3
What is the units digit of 8952?
2
What is the tens digit of 6057?
5
What is the units digit of 631?
1
What is the tens digit of 1629?
2
What is the tens digit of 4205?
0
What is the units digit of 395?
5
What is the thousands digit of 23313?
3
What is the thousands digit of 65522?
5
What is the units digit of 8358?
8
What is the ten thousands digit of 11705?
1
What is the units digit of 1371?
1
What is the thousands digit of 2306?
2
What is the thousands digit of 1111?
1
What is the hundreds digit of 5587?
5
What is the tens digit of 3866?
6
What is the tens digit of 10733?
3
What is the thousands digit of 20693?
0
What is the thousands digit of 1097?
1
What is the tens digit of 2156?
5
What is the hundreds digit of 5930?
9
What is the units digit of 4338?
8
What is the thousands digit of 5266?
5
What is the ten thousands digit of 20614?
2
What is the thousands digit of 2518?
2
What is the tens digit of 1101?
0
What is the thousands digit of 1214?
1
What is the units digit of 5815?
5
What is the units digit of 1238?
8
What is the hundreds digit of 682?
6
What is the thousands digit of 30724?
0
What is the ten thousands digit of 15655?
1
What is the units digit of 2691?
1
What is the thousands digit of 10321?
0
What is the ten thousands digit of 34916?
3
What is the thousands digit of 72765?
2
What is the units digit of 74597?
7
What is the units digit of 4108?
8
What is the thousands digit of 11476?
1
What is the thousands digit of 6533?
6
What is the hundreds digit of 294?
2
What is the tens digit of 40834?
3
What is the ten thousands digit of 41091?
4
What is the tens digit of 820?
2
What is the tens digit of 26510?
1
What is the ten thousands digit of 14168?
1
What is the units digit of 41225?
5
What is the tens digit of 31588?
8
What is the hundreds digit of 1505?
5
What is the hundreds digit of 1019?
0
What is the hundreds digit of 7877?
8
What is the tens digit of 2340?
4
What is the